{"id":7,"date":"2018-12-13T18:56:36","date_gmt":"2018-12-13T17:56:36","guid":{"rendered":"http:\/\/localhost\/blanka\/?page_id=7"},"modified":"2023-01-08T12:16:54","modified_gmt":"2023-01-08T11:16:54","slug":"profesionalne-licenie","status":"publish","type":"page","link":"https:\/\/blankablanarova.sk\/index.php\/uvod\/profesionalne-licenie\/","title":{"rendered":"L\u00ed\u010denie"},"content":{"rendered":"\r\n<p>Ka\u017ed\u00e1 \u017eena chce by\u0165 kr\u00e1sna a p\u00e1\u010di\u0165 sa svojmu okoliu aj samej sebe. Aby e\u0161te pod\u010diarkla svoju prirodzen\u00fa kr\u00e1su, je potrebn\u00e9 zvoli\u0165 spr\u00e1vny make up. L\u00ed\u010denie pier, l\u00ed\u010denie o\u010d\u00ed, svadobn\u00e9 l\u00ed\u010denie, ve\u010dern\u00e9 l\u00ed\u010denie, \u010di l\u00ed\u010denie na pracovn\u00e9 stretnutie, toto \u0161etko V\u00e1m pon\u00fakam.<\/p>\r\n\r\n\r\n\r\n<h2 class=\"wp-block-heading\">Denn\u00e9 a ve\u010dern\u00e9 l\u00ed\u010denie<\/h2>\r\n\r\n\r\n\r\n<p>Denn\u00fd make-up by mal p\u00f4sobi\u0165 svie\u017eo a prirodzene, naopak, pri vo\u013ebe ve\u010dern\u00e9ho make &#8211; upu treba myslie\u0165 na to, \u017ee umel\u00e9 svetlo dok\u00e1\u017ee z V\u00e1\u0161ho make &#8211; upu ubra\u0165 na intenzite, preto by malo byt v\u00fdraznej\u0161ie a n\u00e1padnej\u0161ie.<\/p>\r\n\r\n\r\n\r\n<h2 class=\"wp-block-heading\">Foto make up<\/h2>\r\n\r\n\r\n\r\n<p>Nah\u00e9 a\u017e extravagantn\u00e9 l\u00ed\u010denie pre modeling (booky), billboardy, kalend\u00e1re, m\u00f3dne prehliadky, \u010dasopisy, s\u00fakromn\u00e9 akcie&#8230;<\/p>\r\n\r\n<p class=\"text-center\"><a class=\"btn btn-primary\" href=\"https:\/\/blankablanarova.sk\/index.php\/videa-z-licenia\/\"><strong>Zobrazi\u0165 vide\u00e1 z l\u00ed\u010denia<\/strong> (3)<\/a><\/p>","protected":false},"excerpt":{"rendered":"<p>Ka\u017ed\u00e1 \u017eena chce by\u0165 kr\u00e1sna a p\u00e1\u010di\u0165 sa svojmu okoliu aj samej sebe. Aby e\u0161te pod\u010diarkla svoju prirodzen\u00fa kr\u00e1su, je potrebn\u00e9 zvoli\u0165 spr\u00e1vny make up. L\u00ed\u010denie pier, l\u00ed\u010denie o\u010d\u00ed, svadobn\u00e9 l\u00ed\u010denie, ve\u010dern\u00e9 l\u00ed\u010denie, \u010di l\u00ed\u010denie na pracovn\u00e9 stretnutie, toto \u0161etko V\u00e1m pon\u00fakam. Denn\u00e9 a ve\u010dern\u00e9 l\u00ed\u010denie Denn\u00fd make-up by mal p\u00f4sobi\u0165 svie\u017eo a prirodzene, naopak, [&hellip;]<\/p>\n","protected":false},"author":1,"featured_media":36,"parent":5,"menu_order":1,"comment_status":"closed","ping_status":"closed","template":"","meta":{"footnotes":""},"class_list":["post-7","page","type-page","status-publish","has-post-thumbnail","hentry"],"_links":{"self":[{"href":"https:\/\/blankablanarova.sk\/index.php\/wp-json\/wp\/v2\/pages\/7","targetHints":{"allow":["GET"]}}],"collection":[{"href":"https:\/\/blankablanarova.sk\/index.php\/wp-json\/wp\/v2\/pages"}],"about":[{"href":"https:\/\/blankablanarova.sk\/index.php\/wp-json\/wp\/v2\/types\/page"}],"author":[{"embeddable":true,"href":"https:\/\/blankablanarova.sk\/index.php\/wp-json\/wp\/v2\/users\/1"}],"replies":[{"embeddable":true,"href":"https:\/\/blankablanarova.sk\/index.php\/wp-json\/wp\/v2\/comments?post=7"}],"version-history":[{"count":7,"href":"https:\/\/blankablanarova.sk\/index.php\/wp-json\/wp\/v2\/pages\/7\/revisions"}],"predecessor-version":[{"id":147,"href":"https:\/\/blankablanarova.sk\/index.php\/wp-json\/wp\/v2\/pages\/7\/revisions\/147"}],"up":[{"embeddable":true,"href":"https:\/\/blankablanarova.sk\/index.php\/wp-json\/wp\/v2\/pages\/5"}],"wp:featuredmedia":[{"embeddable":true,"href":"https:\/\/blankablanarova.sk\/index.php\/wp-json\/wp\/v2\/media\/36"}],"wp:attachment":[{"href":"https:\/\/blankablanarova.sk\/index.php\/wp-json\/wp\/v2\/media?parent=7"}],"curies":[{"name":"wp","href":"https:\/\/api.w.org\/{rel}","templated":true}]}}