{"id":45,"date":"2018-12-18T19:35:21","date_gmt":"2018-12-18T18:35:21","guid":{"rendered":"http:\/\/localhost\/blanka\/?page_id=45"},"modified":"2018-12-22T06:48:21","modified_gmt":"2018-12-22T05:48:21","slug":"referencie","status":"publish","type":"page","link":"https:\/\/blankablanarova.sk\/index.php\/uvod\/referencie\/","title":{"rendered":"Referencie"},"content":{"rendered":"<!-- Rendered by FancyBox without labels BEGIN -->\n\n\t<style type=\"text\/css\">\n\t\t\t\t\t.gallery {\n\t\t\t\t\t\tposition:relative;\n\t\t\t\t\t\tmargin:0 auto;\n\t\t\t\t\t\tmax-width:700px;\n\t\t\t\t\t\t\/*\n\t\t\t\t\t\twidth: calc(100% - 5px);\n\t\t\t\t\t\t*\/\n\t\t\t\t\t}\n\t\t\t\t\t.gallery-item a:hover {\n\t\t\t\t\t\topacity:0.935;\n\t\t\t\t\t}\n\t\t\t\t\t#gallery-0 .gallery-item {\n\t\t\t\t\t\tfloat: left;\n\t\t\t\t\t\ttext-align: center;\n\t\t\t\t\t\twidth: 33.3333333333%;\n\t\t\t\t\t\tpadding:5px;\n\t\t\t\t\t\tbox-sizing: border-box;\n\t\t\t\t\t}\n\t\t\t\t\t#gallery-0 .gallery-item.expand {\n\t\t\t\t\t\tdisplay:none;\n\t\t\t\t\t}\n\t\t\t\t\t#gallery-0 img {\n\t\t\t\t\t\twidth:100%;\n\t\t\t\t\t}\n\t\t\t\t\t#gallery-0 .desc {\n\t\t\t\t\t\tdisplay:none;\n\t\t\t\t\t}\n\t\t\t\t\t.gallery-button {\n\t\t\t\t\t\tpadding:15px;\n\t\t\t\t\t\ttext-align:center;\n\t\t\t\t\t}\n\t\t\t\t\t.gallery-button {\n\t\t\t\t\t}\n\n\t<\/style>\n<script type=\"text\/javascript\">\n$(document).ready(function() {\n\t\/*\n\t *  Simple image gallery. Uses default settings\n\t *\/\n\t $(\"#show-0\").click(function() {\n\t    $(\"#gallery-0 .expand\").show();\n\t\t$(this).hide();\n\t\tif (window.innerHeight > window.innerWidth) {\n\t\t\t$(\".gallery-item\").addClass(\"fw\");\n\t\t}\n\t});\n\n\t$(\".fancybox\").fancybox({\n\t\t\"transitionIn\"\t\t: \"none\",\n\t\t\"transitionOut\"\t\t: \"none\",\n\t\t\"titlePosition\" \t: \"over\"\n\n\t});\n});\n<\/script>\n\n\t<div id=\"austro-gallery\"><div id=\"gallery-0\" class=\"gallery galleryid-0 gallery-size-thumbnail\" style=\"\"><div class=\"gallery-item\"><div class=\"gallery-icon\">\n\t\t<a class=\"fancybox\" href=\"https:\/\/blankablanarova.sk\/wp-content\/uploads\/2018\/12\/3d1db139-c378-4619-b5d2-b03a4eb8a786.jpg\" rel=\"gallery-0\"><img loading=\"lazy\" decoding=\"async\" width=\"150\" height=\"150\" class=\"attachment-thumbnail\" alt=\"\" src=\"https:\/\/blankablanarova.sk\/wp-content\/uploads\/2018\/12\/3d1db139-c378-4619-b5d2-b03a4eb8a786-150x150.jpg\" \/><\/a><\/div><\/div><div class=\"gallery-item\"><div class=\"gallery-icon\">\n\t\t<a class=\"fancybox\" href=\"https:\/\/blankablanarova.sk\/wp-content\/uploads\/2018\/12\/8c0ccf79-0e92-4203-978e-b70eca4d8628.jpg\" rel=\"gallery-0\"><img loading=\"lazy\" decoding=\"async\" width=\"150\" height=\"150\" class=\"attachment-thumbnail\" alt=\"\" src=\"https:\/\/blankablanarova.sk\/wp-content\/uploads\/2018\/12\/8c0ccf79-0e92-4203-978e-b70eca4d8628-150x150.jpg\" \/><\/a><\/div><\/div><div class=\"gallery-item\"><div class=\"gallery-icon\">\n\t\t<a class=\"fancybox\" href=\"https:\/\/blankablanarova.sk\/wp-content\/uploads\/2018\/12\/10d68118-cb02-4315-8537-6c67de1c241e.jpg\" rel=\"gallery-0\"><img loading=\"lazy\" decoding=\"async\" width=\"150\" height=\"150\" class=\"attachment-thumbnail\" alt=\"\" src=\"https:\/\/blankablanarova.sk\/wp-content\/uploads\/2018\/12\/10d68118-cb02-4315-8537-6c67de1c241e-150x150.jpg\" \/><\/a><\/div><\/div><div class=\"gallery-item expand\"><div class=\"gallery-icon\">\n\t\t<a class=\"fancybox\" href=\"https:\/\/blankablanarova.sk\/wp-content\/uploads\/2018\/12\/53fc77e1-1a56-45c9-986f-3a1ac840bedc.png\" rel=\"gallery-0\"><img loading=\"lazy\" decoding=\"async\" width=\"150\" height=\"150\" class=\"attachment-thumbnail\" alt=\"\" src=\"https:\/\/blankablanarova.sk\/wp-content\/uploads\/2018\/12\/53fc77e1-1a56-45c9-986f-3a1ac840bedc-150x150.png\" \/><\/a><\/div><\/div><div class=\"gallery-item expand\"><div class=\"gallery-icon\">\n\t\t<a class=\"fancybox\" href=\"https:\/\/blankablanarova.sk\/wp-content\/uploads\/2018\/12\/239eeaf0-3103-4b23-bc79-307d1a9cb0f0.png\" rel=\"gallery-0\"><img loading=\"lazy\" decoding=\"async\" width=\"150\" height=\"150\" class=\"attachment-thumbnail\" alt=\"\" src=\"https:\/\/blankablanarova.sk\/wp-content\/uploads\/2018\/12\/239eeaf0-3103-4b23-bc79-307d1a9cb0f0-150x150.png\" \/><\/a><\/div><\/div><div class=\"gallery-item expand\"><div class=\"gallery-icon\">\n\t\t<a class=\"fancybox\" href=\"https:\/\/blankablanarova.sk\/wp-content\/uploads\/2018\/12\/760f080a-57ba-45ec-ab12-bea2e835ed4c.jpg\" rel=\"gallery-0\"><img loading=\"lazy\" decoding=\"async\" width=\"150\" height=\"150\" class=\"attachment-thumbnail\" alt=\"\" src=\"https:\/\/blankablanarova.sk\/wp-content\/uploads\/2018\/12\/760f080a-57ba-45ec-ab12-bea2e835ed4c-150x150.jpg\" \/><\/a><\/div><\/div><div class=\"gallery-item expand\"><div class=\"gallery-icon\">\n\t\t<a class=\"fancybox\" href=\"https:\/\/blankablanarova.sk\/wp-content\/uploads\/2018\/12\/207705_10150258851919986_254999744_n.jpg\" rel=\"gallery-0\"><img loading=\"lazy\" decoding=\"async\" width=\"150\" height=\"150\" class=\"attachment-thumbnail\" alt=\"\" src=\"https:\/\/blankablanarova.sk\/wp-content\/uploads\/2018\/12\/207705_10150258851919986_254999744_n-150x150.jpg\" \/><\/a><\/div><\/div><div class=\"gallery-item expand\"><div class=\"gallery-icon\">\n\t\t<a class=\"fancybox\" href=\"https:\/\/blankablanarova.sk\/wp-content\/uploads\/2018\/12\/bab1d8a3-cdd7-409f-a047-ecb3404930ac.jpg\" rel=\"gallery-0\"><img loading=\"lazy\" decoding=\"async\" width=\"150\" height=\"150\" class=\"attachment-thumbnail\" alt=\"\" src=\"https:\/\/blankablanarova.sk\/wp-content\/uploads\/2018\/12\/bab1d8a3-cdd7-409f-a047-ecb3404930ac-150x150.jpg\" \/><\/a><\/div><\/div><div class=\"gallery-item expand\"><div class=\"gallery-icon\">\n\t\t<a class=\"fancybox\" href=\"https:\/\/blankablanarova.sk\/wp-content\/uploads\/2018\/12\/bb2m.jpg\" rel=\"gallery-0\"><img loading=\"lazy\" decoding=\"async\" width=\"150\" height=\"150\" class=\"attachment-thumbnail\" alt=\"\" src=\"https:\/\/blankablanarova.sk\/wp-content\/uploads\/2018\/12\/bb2m-150x150.jpg\" \/><\/a><\/div><\/div><div class=\"gallery-item expand\"><div class=\"gallery-icon\">\n\t\t<a class=\"fancybox\" href=\"https:\/\/blankablanarova.sk\/wp-content\/uploads\/2018\/12\/blankafoto1.jpg\" rel=\"gallery-0\"><img loading=\"lazy\" decoding=\"async\" width=\"150\" height=\"150\" class=\"attachment-thumbnail\" alt=\"\" src=\"https:\/\/blankablanarova.sk\/wp-content\/uploads\/2018\/12\/blankafoto1-150x150.jpg\" \/><\/a><\/div><\/div><div class=\"gallery-item expand\"><div class=\"gallery-icon\">\n\t\t<a class=\"fancybox\" href=\"https:\/\/blankablanarova.sk\/wp-content\/uploads\/2018\/12\/blankafoto2.jpg\" rel=\"gallery-0\"><img loading=\"lazy\" decoding=\"async\" width=\"150\" height=\"150\" class=\"attachment-thumbnail\" alt=\"\" src=\"https:\/\/blankablanarova.sk\/wp-content\/uploads\/2018\/12\/blankafoto2-150x150.jpg\" \/><\/a><\/div><\/div><div class=\"gallery-item expand\"><div class=\"gallery-icon\">\n\t\t<a class=\"fancybox\" href=\"https:\/\/blankablanarova.sk\/wp-content\/uploads\/2018\/12\/blankafoto3.jpg\" rel=\"gallery-0\"><img loading=\"lazy\" decoding=\"async\" width=\"150\" height=\"150\" class=\"attachment-thumbnail\" alt=\"\" src=\"https:\/\/blankablanarova.sk\/wp-content\/uploads\/2018\/12\/blankafoto3-150x150.jpg\" \/><\/a><\/div><\/div><div class=\"gallery-item expand\"><div class=\"gallery-icon\">\n\t\t<a class=\"fancybox\" href=\"https:\/\/blankablanarova.sk\/wp-content\/uploads\/2018\/12\/blankafoto4.jpg\" rel=\"gallery-0\"><img loading=\"lazy\" decoding=\"async\" width=\"150\" height=\"150\" class=\"attachment-thumbnail\" alt=\"\" src=\"https:\/\/blankablanarova.sk\/wp-content\/uploads\/2018\/12\/blankafoto4-150x150.jpg\" \/><\/a><\/div><\/div><div class=\"gallery-item expand\"><div class=\"gallery-icon\">\n\t\t<a class=\"fancybox\" href=\"https:\/\/blankablanarova.sk\/wp-content\/uploads\/2018\/12\/blankafoto5.jpg\" rel=\"gallery-0\"><img loading=\"lazy\" decoding=\"async\" width=\"150\" height=\"150\" class=\"attachment-thumbnail\" alt=\"\" src=\"https:\/\/blankablanarova.sk\/wp-content\/uploads\/2018\/12\/blankafoto5-150x150.jpg\" \/><\/a><\/div><\/div><div class=\"gallery-item expand\"><div class=\"gallery-icon\">\n\t\t<a class=\"fancybox\" href=\"https:\/\/blankablanarova.sk\/wp-content\/uploads\/2018\/12\/blankafoto6.jpg\" rel=\"gallery-0\"><img loading=\"lazy\" decoding=\"async\" width=\"150\" height=\"150\" class=\"attachment-thumbnail\" alt=\"\" src=\"https:\/\/blankablanarova.sk\/wp-content\/uploads\/2018\/12\/blankafoto6-150x150.jpg\" \/><\/a><\/div><\/div><div class=\"gallery-item expand\"><div class=\"gallery-icon\">\n\t\t<a class=\"fancybox\" href=\"https:\/\/blankablanarova.sk\/wp-content\/uploads\/2018\/12\/blanka_foto7.jpg\" rel=\"gallery-0\"><img loading=\"lazy\" decoding=\"async\" width=\"150\" height=\"150\" class=\"attachment-thumbnail\" alt=\"\" src=\"https:\/\/blankablanarova.sk\/wp-content\/uploads\/2018\/12\/blanka_foto7-150x150.jpg\" \/><\/a><\/div><\/div><div class=\"gallery-item expand\"><div class=\"gallery-icon\">\n\t\t<a class=\"fancybox\" href=\"https:\/\/blankablanarova.sk\/wp-content\/uploads\/2018\/12\/blanka_foto8.jpg\" rel=\"gallery-0\"><img loading=\"lazy\" decoding=\"async\" width=\"150\" height=\"150\" class=\"attachment-thumbnail\" alt=\"\" src=\"https:\/\/blankablanarova.sk\/wp-content\/uploads\/2018\/12\/blanka_foto8-150x150.jpg\" \/><\/a><\/div><\/div><div class=\"gallery-item expand\"><div class=\"gallery-icon\">\n\t\t<a class=\"fancybox\" href=\"https:\/\/blankablanarova.sk\/wp-content\/uploads\/2018\/12\/brzobohaty.jpg\" rel=\"gallery-0\"><img loading=\"lazy\" decoding=\"async\" width=\"150\" height=\"150\" class=\"attachment-thumbnail\" alt=\"\" src=\"https:\/\/blankablanarova.sk\/wp-content\/uploads\/2018\/12\/brzobohaty-150x150.jpg\" \/><\/a><\/div><\/div><div class=\"gallery-item expand\"><div class=\"gallery-icon\">\n\t\t<a class=\"fancybox\" href=\"https:\/\/blankablanarova.sk\/wp-content\/uploads\/2018\/12\/casopis-1.jpg\" rel=\"gallery-0\"><img loading=\"lazy\" decoding=\"async\" width=\"150\" height=\"150\" class=\"attachment-thumbnail\" alt=\"\" src=\"https:\/\/blankablanarova.sk\/wp-content\/uploads\/2018\/12\/casopis-1-150x150.jpg\" \/><\/a><\/div><\/div><div class=\"gallery-item expand\"><div class=\"gallery-icon\">\n\t\t<a class=\"fancybox\" href=\"https:\/\/blankablanarova.sk\/wp-content\/uploads\/2018\/12\/casopis-2.jpg\" rel=\"gallery-0\"><img loading=\"lazy\" decoding=\"async\" width=\"150\" height=\"150\" class=\"attachment-thumbnail\" alt=\"\" src=\"https:\/\/blankablanarova.sk\/wp-content\/uploads\/2018\/12\/casopis-2-150x150.jpg\" \/><\/a><\/div><\/div><div class=\"gallery-item expand\"><div class=\"gallery-icon\">\n\t\t<a class=\"fancybox\" href=\"https:\/\/blankablanarova.sk\/wp-content\/uploads\/2018\/12\/celeste-buckingham.jpg\" rel=\"gallery-0\"><img loading=\"lazy\" decoding=\"async\" width=\"150\" height=\"150\" class=\"attachment-thumbnail\" alt=\"\" src=\"https:\/\/blankablanarova.sk\/wp-content\/uploads\/2018\/12\/celeste-buckingham-150x150.jpg\" \/><\/a><\/div><\/div><div class=\"gallery-item expand\"><div class=\"gallery-icon\">\n\t\t<a class=\"fancybox\" href=\"https:\/\/blankablanarova.sk\/wp-content\/uploads\/2018\/12\/d32eb90e-702f-4a9a-8758-cd75c87c260d.jpg\" rel=\"gallery-0\"><img loading=\"lazy\" decoding=\"async\" width=\"150\" height=\"150\" class=\"attachment-thumbnail\" alt=\"\" src=\"https:\/\/blankablanarova.sk\/wp-content\/uploads\/2018\/12\/d32eb90e-702f-4a9a-8758-cd75c87c260d-150x150.jpg\" \/><\/a><\/div><\/div><div class=\"gallery-item expand\"><div class=\"gallery-icon\">\n\t\t<a class=\"fancybox\" href=\"https:\/\/blankablanarova.sk\/wp-content\/uploads\/2018\/12\/david01.jpg\" rel=\"gallery-0\"><img loading=\"lazy\" decoding=\"async\" width=\"150\" height=\"150\" class=\"attachment-thumbnail\" alt=\"\" src=\"https:\/\/blankablanarova.sk\/wp-content\/uploads\/2018\/12\/david01-150x150.jpg\" \/><\/a><\/div><\/div><div class=\"gallery-item expand\"><div class=\"gallery-icon\">\n\t\t<a class=\"fancybox\" href=\"https:\/\/blankablanarova.sk\/wp-content\/uploads\/2018\/12\/durianova02.jpg\" rel=\"gallery-0\"><img loading=\"lazy\" decoding=\"async\" width=\"150\" height=\"150\" class=\"attachment-thumbnail\" alt=\"\" src=\"https:\/\/blankablanarova.sk\/wp-content\/uploads\/2018\/12\/durianova02-150x150.jpg\" \/><\/a><\/div><\/div><div class=\"gallery-item expand\"><div class=\"gallery-icon\">\n\t\t<a class=\"fancybox\" href=\"https:\/\/blankablanarova.sk\/wp-content\/uploads\/2018\/12\/e977278f-82e3-4bba-b15a-c88faa02f3bc.jpg\" rel=\"gallery-0\"><img loading=\"lazy\" decoding=\"async\" width=\"150\" height=\"150\" class=\"attachment-thumbnail\" alt=\"\" src=\"https:\/\/blankablanarova.sk\/wp-content\/uploads\/2018\/12\/e977278f-82e3-4bba-b15a-c88faa02f3bc-150x150.jpg\" \/><\/a><\/div><\/div><div class=\"gallery-item expand\"><div class=\"gallery-icon\">\n\t\t<a class=\"fancybox\" href=\"https:\/\/blankablanarova.sk\/wp-content\/uploads\/2018\/12\/ec35f52d-2be2-4489-9d08-c38922a5d01b.jpg\" rel=\"gallery-0\"><img loading=\"lazy\" decoding=\"async\" width=\"150\" height=\"150\" class=\"attachment-thumbnail\" alt=\"\" src=\"https:\/\/blankablanarova.sk\/wp-content\/uploads\/2018\/12\/ec35f52d-2be2-4489-9d08-c38922a5d01b-150x150.jpg\" \/><\/a><\/div><\/div><div class=\"gallery-item expand\"><div class=\"gallery-icon\">\n\t\t<a class=\"fancybox\" href=\"https:\/\/blankablanarova.sk\/wp-content\/uploads\/2018\/12\/f0e6cc78-2c9e-48ec-968a-accd67166836.jpg\" rel=\"gallery-0\"><img loading=\"lazy\" decoding=\"async\" width=\"150\" height=\"150\" class=\"attachment-thumbnail\" alt=\"\" src=\"https:\/\/blankablanarova.sk\/wp-content\/uploads\/2018\/12\/f0e6cc78-2c9e-48ec-968a-accd67166836-150x150.jpg\" \/><\/a><\/div><\/div><div class=\"gallery-item expand\"><div class=\"gallery-icon\">\n\t\t<a class=\"fancybox\" href=\"https:\/\/blankablanarova.sk\/wp-content\/uploads\/2018\/12\/fotka.png\" rel=\"gallery-0\"><img loading=\"lazy\" decoding=\"async\" width=\"150\" height=\"150\" class=\"attachment-thumbnail\" alt=\"\" src=\"https:\/\/blankablanarova.sk\/wp-content\/uploads\/2018\/12\/fotka-150x150.png\" \/><\/a><\/div><\/div><div class=\"gallery-item expand\"><div class=\"gallery-icon\">\n\t\t<a class=\"fancybox\" href=\"https:\/\/blankablanarova.sk\/wp-content\/uploads\/2018\/12\/FullSizeRender.jpg\" rel=\"gallery-0\"><img loading=\"lazy\" decoding=\"async\" width=\"150\" height=\"150\" class=\"attachment-thumbnail\" alt=\"\" src=\"https:\/\/blankablanarova.sk\/wp-content\/uploads\/2018\/12\/FullSizeRender-150x150.jpg\" \/><\/a><\/div><\/div><div class=\"gallery-item expand\"><div class=\"gallery-icon\">\n\t\t<a class=\"fancybox\" href=\"https:\/\/blankablanarova.sk\/wp-content\/uploads\/2018\/12\/FullSizeRender_1.jpg\" rel=\"gallery-0\"><img loading=\"lazy\" decoding=\"async\" width=\"150\" height=\"150\" class=\"attachment-thumbnail\" alt=\"\" src=\"https:\/\/blankablanarova.sk\/wp-content\/uploads\/2018\/12\/FullSizeRender_1-150x150.jpg\" \/><\/a><\/div><\/div><div class=\"gallery-item expand\"><div class=\"gallery-icon\">\n\t\t<a class=\"fancybox\" href=\"https:\/\/blankablanarova.sk\/wp-content\/uploads\/2018\/12\/gabi-1.jpg\" rel=\"gallery-0\"><img loading=\"lazy\" decoding=\"async\" width=\"150\" height=\"150\" class=\"attachment-thumbnail\" alt=\"\" src=\"https:\/\/blankablanarova.sk\/wp-content\/uploads\/2018\/12\/gabi-1-150x150.jpg\" \/><\/a><\/div><\/div><div class=\"gallery-item expand\"><div class=\"gallery-icon\">\n\t\t<a class=\"fancybox\" href=\"https:\/\/blankablanarova.sk\/wp-content\/uploads\/2018\/12\/IMG_4128.png\" rel=\"gallery-0\"><img loading=\"lazy\" decoding=\"async\" width=\"150\" height=\"150\" class=\"attachment-thumbnail\" alt=\"\" src=\"https:\/\/blankablanarova.sk\/wp-content\/uploads\/2018\/12\/IMG_4128-150x150.png\" \/><\/a><\/div><\/div><div class=\"gallery-item expand\"><div class=\"gallery-icon\">\n\t\t<a class=\"fancybox\" href=\"https:\/\/blankablanarova.sk\/wp-content\/uploads\/2018\/12\/IMG_5057.png\" rel=\"gallery-0\"><img loading=\"lazy\" decoding=\"async\" width=\"150\" height=\"150\" class=\"attachment-thumbnail\" alt=\"\" src=\"https:\/\/blankablanarova.sk\/wp-content\/uploads\/2018\/12\/IMG_5057-150x150.png\" \/><\/a><\/div><\/div><div class=\"gallery-item expand\"><div class=\"gallery-icon\">\n\t\t<a class=\"fancybox\" href=\"https:\/\/blankablanarova.sk\/wp-content\/uploads\/2018\/12\/IMG_5523.png\" rel=\"gallery-0\"><img loading=\"lazy\" decoding=\"async\" width=\"150\" height=\"150\" class=\"attachment-thumbnail\" alt=\"\" src=\"https:\/\/blankablanarova.sk\/wp-content\/uploads\/2018\/12\/IMG_5523-150x150.png\" \/><\/a><\/div><\/div><div class=\"gallery-item expand\"><div class=\"gallery-icon\">\n\t\t<a class=\"fancybox\" href=\"https:\/\/blankablanarova.sk\/wp-content\/uploads\/2018\/12\/IMG_5581.jpg\" rel=\"gallery-0\"><img loading=\"lazy\" decoding=\"async\" width=\"150\" height=\"150\" class=\"attachment-thumbnail\" alt=\"\" src=\"https:\/\/blankablanarova.sk\/wp-content\/uploads\/2018\/12\/IMG_5581-150x150.jpg\" \/><\/a><\/div><\/div><div class=\"gallery-item expand\"><div class=\"gallery-icon\">\n\t\t<a class=\"fancybox\" href=\"https:\/\/blankablanarova.sk\/wp-content\/uploads\/2018\/12\/IMG_6161-1024x768.jpg\" rel=\"gallery-0\"><img loading=\"lazy\" decoding=\"async\" width=\"150\" height=\"150\" class=\"attachment-thumbnail\" alt=\"\" src=\"https:\/\/blankablanarova.sk\/wp-content\/uploads\/2018\/12\/IMG_6161-150x150.jpg\" \/><\/a><\/div><\/div><div class=\"gallery-item expand\"><div class=\"gallery-icon\">\n\t\t<a class=\"fancybox\" href=\"https:\/\/blankablanarova.sk\/wp-content\/uploads\/2018\/12\/IMG_7046.png\" rel=\"gallery-0\"><img loading=\"lazy\" decoding=\"async\" width=\"150\" height=\"150\" class=\"attachment-thumbnail\" alt=\"\" src=\"https:\/\/blankablanarova.sk\/wp-content\/uploads\/2018\/12\/IMG_7046-150x150.png\" \/><\/a><\/div><\/div><div class=\"gallery-item expand\"><div class=\"gallery-icon\">\n\t\t<a class=\"fancybox\" href=\"https:\/\/blankablanarova.sk\/wp-content\/uploads\/2018\/12\/IMG_7131.jpg\" rel=\"gallery-0\"><img loading=\"lazy\" decoding=\"async\" width=\"150\" height=\"150\" class=\"attachment-thumbnail\" alt=\"\" src=\"https:\/\/blankablanarova.sk\/wp-content\/uploads\/2018\/12\/IMG_7131-150x150.jpg\" \/><\/a><\/div><\/div><div class=\"gallery-item expand\"><div class=\"gallery-icon\">\n\t\t<a class=\"fancybox\" href=\"https:\/\/blankablanarova.sk\/wp-content\/uploads\/2018\/12\/IMG_8812.jpg\" rel=\"gallery-0\"><img loading=\"lazy\" decoding=\"async\" width=\"150\" height=\"150\" class=\"attachment-thumbnail\" alt=\"\" src=\"https:\/\/blankablanarova.sk\/wp-content\/uploads\/2018\/12\/IMG_8812-150x150.jpg\" \/><\/a><\/div><\/div><div class=\"gallery-item expand\"><div class=\"gallery-icon\">\n\t\t<a class=\"fancybox\" href=\"https:\/\/blankablanarova.sk\/wp-content\/uploads\/2018\/12\/imgfoto2.jpg\" rel=\"gallery-0\"><img loading=\"lazy\" decoding=\"async\" width=\"150\" height=\"150\" class=\"attachment-thumbnail\" alt=\"\" src=\"https:\/\/blankablanarova.sk\/wp-content\/uploads\/2018\/12\/imgfoto2-150x150.jpg\" \/><\/a><\/div><\/div><div class=\"gallery-item expand\"><div class=\"gallery-icon\">\n\t\t<a class=\"fancybox\" href=\"https:\/\/blankablanarova.sk\/wp-content\/uploads\/2018\/12\/IMGP3706.jpg\" rel=\"gallery-0\"><img loading=\"lazy\" decoding=\"async\" width=\"150\" height=\"150\" class=\"attachment-thumbnail\" alt=\"\" src=\"https:\/\/blankablanarova.sk\/wp-content\/uploads\/2018\/12\/IMGP3706-150x150.jpg\" \/><\/a><\/div><\/div><div class=\"gallery-item expand\"><div class=\"gallery-icon\">\n\t\t<a class=\"fancybox\" href=\"https:\/\/blankablanarova.sk\/wp-content\/uploads\/2018\/12\/licenie-durianova.jpg\" rel=\"gallery-0\"><img loading=\"lazy\" decoding=\"async\" width=\"150\" height=\"150\" class=\"attachment-thumbnail\" alt=\"\" src=\"https:\/\/blankablanarova.sk\/wp-content\/uploads\/2018\/12\/licenie-durianova-150x150.jpg\" \/><\/a><\/div><\/div><div class=\"gallery-item expand\"><div class=\"gallery-icon\">\n\t\t<a class=\"fancybox\" href=\"https:\/\/blankablanarova.sk\/wp-content\/uploads\/2018\/12\/mariana-durianova-vizaz.jpg\" rel=\"gallery-0\"><img loading=\"lazy\" decoding=\"async\" width=\"150\" height=\"150\" class=\"attachment-thumbnail\" alt=\"\" src=\"https:\/\/blankablanarova.sk\/wp-content\/uploads\/2018\/12\/mariana-durianova-vizaz-150x150.jpg\" \/><\/a><\/div><\/div><div class=\"gallery-item expand\"><div class=\"gallery-icon\">\n\t\t<a class=\"fancybox\" href=\"https:\/\/blankablanarova.sk\/wp-content\/uploads\/2018\/12\/Snimek-166.jpg\" rel=\"gallery-0\"><img loading=\"lazy\" decoding=\"async\" width=\"150\" height=\"150\" class=\"attachment-thumbnail\" alt=\"\" src=\"https:\/\/blankablanarova.sk\/wp-content\/uploads\/2018\/12\/Snimek-166-150x150.jpg\" \/><\/a><\/div><\/div><div class=\"gallery-item expand\"><div class=\"gallery-icon\">\n\t\t<a class=\"fancybox\" href=\"https:\/\/blankablanarova.sk\/wp-content\/uploads\/2018\/12\/Snimek-171.jpg\" rel=\"gallery-0\"><img loading=\"lazy\" decoding=\"async\" width=\"150\" height=\"150\" class=\"attachment-thumbnail\" alt=\"\" src=\"https:\/\/blankablanarova.sk\/wp-content\/uploads\/2018\/12\/Snimek-171-150x150.jpg\" \/><\/a><\/div><\/div><div class=\"gallery-item expand\"><div class=\"gallery-icon\">\n\t\t<a class=\"fancybox\" href=\"https:\/\/blankablanarova.sk\/wp-content\/uploads\/2018\/12\/talent4.jpg\" rel=\"gallery-0\"><img loading=\"lazy\" decoding=\"async\" width=\"150\" height=\"150\" class=\"attachment-thumbnail\" alt=\"\" src=\"https:\/\/blankablanarova.sk\/wp-content\/uploads\/2018\/12\/talent4-150x150.jpg\" \/><\/a><\/div><\/div><div class=\"gallery-item expand\"><div class=\"gallery-icon\">\n\t\t<a class=\"fancybox\" href=\"https:\/\/blankablanarova.sk\/wp-content\/uploads\/2018\/12\/talent-1.jpg\" rel=\"gallery-0\"><img loading=\"lazy\" decoding=\"async\" width=\"150\" height=\"150\" class=\"attachment-thumbnail\" alt=\"\" src=\"https:\/\/blankablanarova.sk\/wp-content\/uploads\/2018\/12\/talent-1-150x150.jpg\" \/><\/a><\/div><\/div><div class=\"gallery-item expand\"><div class=\"gallery-icon\">\n\t\t<a class=\"fancybox\" href=\"https:\/\/blankablanarova.sk\/wp-content\/uploads\/2018\/12\/talent-1.png\" rel=\"gallery-0\"><img loading=\"lazy\" decoding=\"async\" width=\"150\" height=\"150\" class=\"attachment-thumbnail\" alt=\"\" src=\"https:\/\/blankablanarova.sk\/wp-content\/uploads\/2018\/12\/talent-1-150x150.png\" \/><\/a><\/div><\/div><div class=\"gallery-item expand\"><div class=\"gallery-icon\">\n\t\t<a class=\"fancybox\" href=\"https:\/\/blankablanarova.sk\/wp-content\/uploads\/2018\/12\/talent-2.png\" rel=\"gallery-0\"><img loading=\"lazy\" decoding=\"async\" width=\"150\" height=\"150\" class=\"attachment-thumbnail\" alt=\"\" src=\"https:\/\/blankablanarova.sk\/wp-content\/uploads\/2018\/12\/talent-2-150x150.png\" \/><\/a><\/div><\/div><div class=\"gallery-item expand\"><div class=\"gallery-icon\">\n\t\t<a class=\"fancybox\" href=\"https:\/\/blankablanarova.sk\/wp-content\/uploads\/2018\/12\/talent-3.jpg\" rel=\"gallery-0\"><img loading=\"lazy\" decoding=\"async\" width=\"150\" height=\"150\" class=\"attachment-thumbnail\" alt=\"\" src=\"https:\/\/blankablanarova.sk\/wp-content\/uploads\/2018\/12\/talent-3-150x150.jpg\" \/><\/a><\/div><\/div><div class=\"gallery-item expand\"><div class=\"gallery-icon\">\n\t\t<a class=\"fancybox\" href=\"https:\/\/blankablanarova.sk\/wp-content\/uploads\/2018\/12\/usmev-zo-zlata.jpg\" rel=\"gallery-0\"><img loading=\"lazy\" decoding=\"async\" width=\"150\" height=\"150\" class=\"attachment-thumbnail\" alt=\"\" src=\"https:\/\/blankablanarova.sk\/wp-content\/uploads\/2018\/12\/usmev-zo-zlata-150x150.jpg\" \/><\/a><\/div><\/div><div class=\"gallery-item expand\"><div class=\"gallery-icon\">\n\t\t<a class=\"fancybox\" href=\"https:\/\/blankablanarova.sk\/wp-content\/uploads\/2018\/12\/vizaz2_25.jpg\" rel=\"gallery-0\"><img loading=\"lazy\" decoding=\"async\" width=\"150\" height=\"150\" class=\"attachment-thumbnail\" alt=\"\" src=\"https:\/\/blankablanarova.sk\/wp-content\/uploads\/2018\/12\/vizaz2_25-150x150.jpg\" \/><\/a><\/div><\/div><div class=\"gallery-item expand\"><div class=\"gallery-icon\">\n\t\t<a class=\"fancybox\" href=\"https:\/\/blankablanarova.sk\/wp-content\/uploads\/2018\/12\/xfaktor.jpg\" rel=\"gallery-0\"><img loading=\"lazy\" decoding=\"async\" width=\"150\" height=\"150\" class=\"attachment-thumbnail\" alt=\"\" src=\"https:\/\/blankablanarova.sk\/wp-content\/uploads\/2018\/12\/xfaktor-150x150.jpg\" \/><\/a><\/div><\/div><\/div><br clear=\"all\" \/><div class=\"gallery-button\"><button id=\"show-0\" class=\"btn button\"><strong>Zobrazi\u0165 v\u0161etko<\/strong> (50 \u010fa\u013e\u0161\u00edch)<\/button><\/div><\/div><!-- Rendered by FancyBox without labels END -->\n\n","protected":false},"excerpt":{"rendered":"","protected":false},"author":1,"featured_media":46,"parent":5,"menu_order":5,"comment_status":"closed","ping_status":"closed","template":"","meta":{"footnotes":""},"class_list":["post-45","page","type-page","status-publish","has-post-thumbnail","hentry"],"_links":{"self":[{"href":"https:\/\/blankablanarova.sk\/index.php\/wp-json\/wp\/v2\/pages\/45","targetHints":{"allow":["GET"]}}],"collection":[{"href":"https:\/\/blankablanarova.sk\/index.php\/wp-json\/wp\/v2\/pages"}],"about":[{"href":"https:\/\/blankablanarova.sk\/index.php\/wp-json\/wp\/v2\/types\/page"}],"author":[{"embeddable":true,"href":"https:\/\/blankablanarova.sk\/index.php\/wp-json\/wp\/v2\/users\/1"}],"replies":[{"embeddable":true,"href":"https:\/\/blankablanarova.sk\/index.php\/wp-json\/wp\/v2\/comments?post=45"}],"version-history":[{"count":2,"href":"https:\/\/blankablanarova.sk\/index.php\/wp-json\/wp\/v2\/pages\/45\/revisions"}],"predecessor-version":[{"id":137,"href":"https:\/\/blankablanarova.sk\/index.php\/wp-json\/wp\/v2\/pages\/45\/revisions\/137"}],"up":[{"embeddable":true,"href":"https:\/\/blankablanarova.sk\/index.php\/wp-json\/wp\/v2\/pages\/5"}],"wp:featuredmedia":[{"embeddable":true,"href":"https:\/\/blankablanarova.sk\/index.php\/wp-json\/wp\/v2\/media\/46"}],"wp:attachment":[{"href":"https:\/\/blankablanarova.sk\/index.php\/wp-json\/wp\/v2\/media?parent=45"}],"curies":[{"name":"wp","href":"https:\/\/api.w.org\/{rel}","templated":true}]}}